rue
Is 40 a factor of 5677?
False
Is 74 a factor of 962?
True
Does 47 divide 12784?
True
Is 540 a multiple of 18?
True
Does 12 divide 17424?
True
Is 2 a factor of 556?
True
Does 23 divide 21050?
False
Is 4 a factor of 244?
True
Is 1692 a multiple of 18?
True
Is 43 a factor of 18862?
False
Does 48 divide 4096?
False
Is 5263 a multiple of 10?
False
Is 17 a factor of 10642?
True
Does 18 divide 13716?
True
Is 64 a factor of 46464?
True
Does 49 divide 3859?
False
Is 68 even?
True
Is 37 a factor of 7018?
False
Does 45 divide 483?
False
Does 133 divide 1848?
False
Does 40 divide 1320?
True
Is 34805 a multiple of 23?
False
Is 17 a factor of 15936?
False
Is 2574 a multiple of 9?
True
Does 15 divide 866?
False
Does 9 divide 6441?
False
Does 20 divide 856?
False
Is 307 a multiple of 33?
False
Is 12 a factor of 4104?
True
Is 399 a multiple of 22?
False
Is 57 a factor of 4224?
False
Does 110 divide 13970?
True
Does 20 divide 15240?
True
Does 141 divide 20786?
False
Is 10347 a multiple of 51?
False
Is 6 a factor of 118?
False
Is 137 a factor of 7398?
True
Does 72 divide 576?
True
Is 10 a factor of 450?
True
Is 4350 a multiple of 87?
True
Is 127 a factor of 14825?
False
Is 23855 a multiple of 51?
False
Is 38 a factor of 4788?
True
Is 384 a multiple of 16?
True
Does 30 divide 536?
False
Is 63602 a multiple of 77?
True
Is 1007 a multiple of 50?
False
Is 34 a factor of 12306?
False
Is 16 a factor of 1980?
False
Is 1811 even?
False
Is 6 a factor of 42?
True
Is 127 a factor of 11430?
True
Does 5 divide 55?
True
Is 14945 a multiple of 61?
True
Does 171 divide 24343?
False
Is 25726 a multiple of 38?
True
Does 13 divide 3510?
True
Is 19 a factor of 15987?
False
Does 91 divide 15652?
True
Is 110 a factor of 1921?
False
Is 6433 a multiple of 128?
False
Is 9558 a multiple of 162?
True
Does 29 divide 464?
True
Is 9 a factor of 7794?
True
Does 29 divide 14216?
False
Does 6 divide 47916?
True
Is 2853 even?
False
Is 24 a factor of 3504?
True
Is 248 a factor of 46248?
False
Is 216 a factor of 10800?
True
Does 32 divide 930?
False
Is 360 a multiple of 15?
True
Is 15 a factor of 860?
False
Is 135 a factor of 8984?
False
Is 225 a factor of 43818?
False
Is 17 a factor of 1177?
False
Is 272 a multiple of 17?
True
Does 3 divide 1913?
False
Does 2 divide 395?
False
Is 23 a factor of 23046?
True
Is 159 a factor of 5364?
False
Does 36 divide 4242?
False
Does 37 divide 1776?
True
Is 56 a factor of 7840?
True
Does 5 divide 13335?
True
Is 30940 a multiple of 130?
True
Does 149 divide 5215?
True
Is 4390 a multiple of 10?
True
Does 22 divide 66?
True
Does 15 divide 368?
False
Is 23 a factor of 8027?
True
Is 58 a factor of 36598?
True
Is 4843 a multiple of 6?
False
Is 171 a multiple of 13?
False
Does 18 divide 432?
True
Does 4 divide 348?
True
Is 207 a multiple of 23?
True
Is 24 a factor of 94896?
True
Does 9 divide 129?
False
Is 2238 a multiple of 21?
False
Is 1793 a multiple of 11?
True
Is 18 a factor of 1007?
False
Is 10 a factor of 50?
True
Is 2065 a multiple of 7?
True
Does 119 divide 32963?
True
Is 3128 a multiple of 23?
True
Is 30042 a multiple of 6?
True
Is 2094 a multiple of 3?
True
Is 10 a factor of 470?
True
Does 34 divide 1672?
False
Is 25 a factor of 400?
True
Is 10584 a multiple of 15?
False
Is 4 a factor of 1876?
True
Is 8508 a multiple of 124?
False
Is 72 a factor of 126494?
False
Is 291 a multiple of 4?
False
Does 45 divide 2195?
False
Is 2259 a multiple of 3?
True
Is 26 a factor of 79482?
True
Does 7 divide 665?
True
Does 175 divide 16378?
False
Does 88 divide 880?
True
Is 5980 a multiple of 23?
True
Is 33 a factor of 66685?
False
Is 12811 a multiple of 18?
False
Does 65 divide 44558?
False
Is 37 a factor of 12824?
False
Does 34 divide 5494?
False
Is 54710 a multiple of 63?
False
Does 52 divide 5656?
False
Does 5 divide 73?
False
Does 38 divide 1108?
False
Does 26 divide 130?
True
Is 203 a multiple of 36?
False
Does 6 divide 4902?
True
Is 31 a factor of 961?
True
Is 3132 a multiple of 3?
True
Is 10 a factor of 3153?
False
Is 700 a multiple of 25?
True
Does 16 divide 191?
False
Does 8 divide 1976?
True
Is 8 a factor of 583?
False
Is 1275 a multiple of 7?
False
Is 3319 a multiple of 23?
False
Is 18 a factor of 23746?
False
Does 18 divide 36396?
True
Does 64 divide 427?
False
Is 1507 a multiple of 40?
False
Is 6 a factor of 78?
True
Is 975 a multiple of 75?
True
Does 8 divide 528?
True
Does 41 divide 17425?
True
Does 52 divide 26000?
True
Is 1716 a multiple of 3?
True
Is 5 a factor of 271?
False
Does 88 divide 7771?
False
Is 4 a factor of 192?
True
Is 16 a factor of 301?
False
Does 13 divide 182?
True
Is 576 a multiple of 12?
True
Does 5 divide 5508?
False
Is 3116 a multiple of 40?
False
Is 4640 a multiple of 124?
False
Is 36 a factor of 576?
True
Is 9 a multiple of 3?
True
Does 65 divide 3636?
False
Does 96 divide 9211?
False
Is 4688 a multiple of 8?
True
Is 15 a factor of 1905?
True
Is 5769 a multiple of 143?
False
Does 2 divide 398?
True
Is 199957 a multiple of 41?
True
Is 5918 a multiple of 7?
False
Is 16 a factor of 99184?
True
Is 1892 a multiple of 4?
True
Is 195 a multiple of 19?
False
Does 12 divide 1008?
True
Does 35 divide 1050?
True
Is 101 a factor of 4782?
False
Is 40 a factor of 4128?
False
Does 25 divide 918?
False
Is 11 a factor of 814?
True
Does 80 divide 4013?
False
Is 40 a factor of 974?
False
Is 148 a factor of 82732?
True
Is 102 a factor of 22950?
True
Does 4 divide 48680?
True
Does 4 divide 44366?
False
Is 58218 a multiple of 338?
False
Is 126 a factor of 4161?
False
Does 19 divide 1824?
True
Is 224 a multiple of 28?
True
Is 22 a factor of 572?
True
Does 17 divide 4909?
False
Is 10 a factor of 1213?
False
Does 30 divide 60?
True
Is 837 a multiple of 5?
False
Does 26 divide 136?
False
Does 137 divide 15733?
False
Is 5421 a multiple of 13?
True
Is 91 a factor of 1116?
False
Is 76 a multiple of 3?
False
Does 7 divide 2821?
True
Is 3190 a multiple of 29?
True
Does 27 divide 648?
True
Does 48 divide 627?
False
Is 13 a factor of 13723?
False
Is 20 a factor of 4080?
True
Is 9 a factor of 491?
False
Is 42 a factor of 2478?
True
Is 171019 a multiple of 303?
False
Is 122 a factor of 20708?
False
Is 10 a factor of 7059?
False
Is 69 a factor of 98118?
True
Does 4 divide 2141?
False
Is 10092 a multiple of 12?
True
Does 7 divide 1903?
False
Does 81 divide 176?
False
Is 3364 a multiple of 3?
False
Does 2 divide 9122?
True
Is 9 a factor of 26757?
True
Is 2 a factor of 1561?
False
Does 23 divide 181?
False
Does 8 divide 4339?
False
Is 198 a multiple of 33?
True
Is 8 a factor of 155?
False
Does 8 divide 164?
False
Is 10 a factor of 720?
True
Is 11 a factor of 835?
False
Does 2 divide 98?
True
Is 10 a factor of 190?
True
Is 18530 a multiple of 170?
True
Does 45 divide 333?
False
Is 225 even?
False
Is 6076 a multiple of 7?
True
Is 364 a multiple of 13?
True
Does 89 divide 15468?
False
Is 1101 a multiple of 18?
False
Is 11524 a multiple of 43?
True
Is 200 a multiple of 50?
True
Is 64 a factor of 563?
False
Is 18 a factor of 13524?
False
Does 43 divide 1472?
False
Is 7448 a multiple of 76?
True
Is 13 a factor of 3721?
False
Does 7 divide 272?
False
Is 3 a factor of 491?
False
Does 205 divide 6765?
True
Is 8940 a multiple of 20?
True
Is 5031 a multiple of 27?
False
Does 20 divide 12180?
True
Does 58 divide 2798?
False
Is 43 a factor of 29736?
False
Is 11 a factor of 656?
False
Is 69 a factor of 8861?
False
Is 59 a factor of 9322?
True
Is 22 a multiple of 22?
True
Is 89 a factor of 7225?
False
Is 19 a factor of 567?
False
Is 520 a multiple of 52?
True
Is 9 a factor of 164?
False
Is 17 a factor of 867?
True
Does 9 divide 22644?
True
Is 1504 a multiple of 8?
True
Does 81 divide 130?
False
Is 16 a multiple of 4?
True
Is 69873 a multiple of 12?
False
Is 14 a factor of 911?
False
Is 4250 a multiple of 125?
True
Does 8 divide 100?
False
Does 8 divide 1784?
True
Is 8 a factor of 1957?
False
Does 11 divide 12909?
False
Is 822 a multiple of 18?
False
Is 54 a factor of 540?
True
Is 19 a factor of 10203?
True
Does 72 divide 1697?
False
Does 33 divide 9900?
True
Is 104 a factor of 1040?
True
Is 68 a multiple of 4?
True
Is 8 a factor of 96?
True
Is 14 a factor of 306?
False
Does 55 divide 7005?
False
Is 855 a multiple of 45?
True
Does 80 divide 23985?
False
Is 599 a multiple of 9?
Fal